{"id":1035,"date":"2020-06-30T19:48:46","date_gmt":"2020-06-30T19:48:46","guid":{"rendered":"https:\/\/sissi3sd.fr\/?page_id=1035"},"modified":"2020-07-09T07:42:53","modified_gmt":"2020-07-09T07:42:53","slug":"intervention-ponctuelle-desinfection","status":"publish","type":"page","link":"https:\/\/sissi3sd.fr\/?page_id=1035","title":{"rendered":"Intervention ponctuelle d\u00e9sinfection"},"content":{"rendered":"\t\t<div data-elementor-type=\"wp-page\" data-elementor-id=\"1035\" class=\"elementor elementor-1035\">\n\t\t\t\t\t\t<div class=\"elementor-inner\">\n\t\t\t\t<div class=\"elementor-section-wrap\">\n\t\t\t\t\t\t\t\t\t<section class=\"elementor-section elementor-top-section elementor-element elementor-element-b6154f2 elementor-section-boxed elementor-section-height-default elementor-section-height-default\" data-id=\"b6154f2\" data-element_type=\"section\">\n\t\t\t\t\t\t<div class=\"elementor-container elementor-column-gap-default\">\n\t\t\t\t\t\t\t<div class=\"elementor-row\">\n\t\t\t\t\t<div class=\"elementor-column elementor-col-100 elementor-top-column elementor-element elementor-element-a5120e1\" data-id=\"a5120e1\" data-element_type=\"column\">\n\t\t\t<div class=\"elementor-column-wrap elementor-element-populated\">\n\t\t\t\t\t\t\t<div class=\"elementor-widget-wrap\">\n\t\t\t\t\t\t<div class=\"elementor-element elementor-element-25c5f66 elementor-widget elementor-widget-text-editor\" data-id=\"25c5f66\" data-element_type=\"widget\" data-widget_type=\"text-editor.default\">\n\t\t\t\t<div class=\"elementor-widget-container\">\n\t\t\t\t\t\t\t\t<div class=\"elementor-text-editor elementor-clearfix\">\n\t\t\t\t<h2>Pourquoi d\u00e9sinfecter vos locaux du Coronavirus Covid 19<\/h2><p>Nous le savons tous, nous sommes en situation de guerre sanitaire aujourd\u2019hui.<br \/>Le Coronavirus est venu boulverser les modes de vie et l\u2019\u00e9conomie du monde mais surtout celui de la France. Un confinement total est annonc\u00e9 depuis mardi 17 mars 2020.<br \/>Dans le contexte sanitaire actuel et dans le souci de garantir une protection physique et mentale pour vous ou vos salari\u00e9s, nous vous informons que chaque employeur a une obligation de s\u00e9curit\u00e9 en vertu de l\u2019article\u00a0L.4121-1\u00a0du Code du travail,\u00a0et doit donc veiller \u00e0 prot\u00e9ger la sant\u00e9 et la s\u00e9curit\u00e9 de ses salari\u00e9s.<br \/>Faites votre demande de devis gratuit, un technicien hygi\u00e9niste peut intervenir dans les plus brefs d\u00e9lais pour d\u00e9sinfecter tous locaux, bureaux, entrep\u00f4ts, logements\u2026<strong>contre le coronavirus<\/strong>.<\/p><h2 class=\"appdrag-element\">Traitement contre le Coronavirus Covid 19<\/h2><p>Lors de nos interventions, nos techniciens dipl\u00f4m\u00e9s d\u2019Etat utilisent des n\u00e9bulisateurs \/ brumisateurs \u00e9lectriques (15 microns) et des pulv\u00e9risateurs (100 microns).<br \/>Le d\u00e9sinfectant utilis\u00e9 est un\u00a0<strong>virucide\/bact\u00e9ricide\/fongicide<\/strong>\u00a0homologu\u00e9 pourtraiter des environnements sensibles comme les h\u00f4pitaux, les cr\u00e8ches ou les maisons de retraite mais aussi des bureaux, entrep\u00f4ts, habitations etc\u2026<br \/>Nous vous proposons ainsi la d\u00e9sinfection par n\u00e9bulisation, m\u00e9thode prouv\u00e9e et efficace pour d\u00e9sinfecter toutes surfaces, c\u2019est une action de projection d\u2019un liquide fongicide, bact\u00e9ricide, virucide en fines gouttelettes, test\u00e9 dans nos laboratoires afin d\u2019\u00eatre le plus efficace possible.<\/p><p>SISSI 3SD vous garantit une d\u00e9sinfection totale par un puissant d\u00e9sinfectant virucide mais aussi d\u00e9tergent et d\u00e9sodorisant pour les sols et surfaces lavables de tous les locaux. C\u2019est un bact\u00e9ricide (tue les bact\u00e9ries), un fongicide (destruction de moisissures, spores, champignons\u2026) et virucide (virus, coronavirus\u2026). Le produit est garantie sans ald\u00e9hyde et sans chlore.<\/p>\t\t\t\t\t<\/div>\n\t\t\t\t\t\t<\/div>\n\t\t\t\t<\/div>\n\t\t\t\t\t\t<\/div>\n\t\t\t\t\t<\/div>\n\t\t<\/div>\n\t\t\t\t\t\t\t\t<\/div>\n\t\t\t\t\t<\/div>\n\t\t<\/section>\n\t\t\t\t<section class=\"elementor-section elementor-top-section elementor-element elementor-element-4ee8639 elementor-section-boxed elementor-section-height-default elementor-section-height-default\" data-id=\"4ee8639\" data-element_type=\"section\">\n\t\t\t\t\t\t<div class=\"elementor-container elementor-column-gap-default\">\n\t\t\t\t\t\t\t<div class=\"elementor-row\">\n\t\t\t\t\t<div class=\"elementor-column elementor-col-33 elementor-top-column elementor-element elementor-element-405e545\" data-id=\"405e545\" data-element_type=\"column\">\n\t\t\t<div class=\"elementor-column-wrap elementor-element-populated\">\n\t\t\t\t\t\t\t<div class=\"elementor-widget-wrap\">\n\t\t\t\t\t\t<div class=\"elementor-element elementor-element-ef5480a elementor-widget elementor-widget-image\" data-id=\"ef5480a\" data-element_type=\"widget\" data-widget_type=\"image.default\">\n\t\t\t\t<div class=\"elementor-widget-container\">\n\t\t\t\t\t\t\t\t<div class=\"elementor-image\">\n\t\t\t\t\t\t\t\t\t\t\t\t<img width=\"626\" height=\"417\" src=\"https:\/\/sissi3sd.fr\/wp-content\/uploads\/2020\/07\/disinfector-protective-suit-conducts-disinfection-home-professional-disinfection-against-covid-19-coronavirus-clothing-protecting-from-chemical-poisoning-industry_199620-1094.jpg\" class=\"attachment-large size-large\" alt=\"\" loading=\"lazy\" srcset=\"https:\/\/sissi3sd.fr\/wp-content\/uploads\/2020\/07\/disinfector-protective-suit-conducts-disinfection-home-professional-disinfection-against-covid-19-coronavirus-clothing-protecting-from-chemical-poisoning-industry_199620-1094.jpg 626w, https:\/\/sissi3sd.fr\/wp-content\/uploads\/2020\/07\/disinfector-protective-suit-conducts-disinfection-home-professional-disinfection-against-covid-19-coronavirus-clothing-protecting-from-chemical-poisoning-industry_199620-1094-300x200.jpg 300w, https:\/\/sissi3sd.fr\/wp-content\/uploads\/2020\/07\/disinfector-protective-suit-conducts-disinfection-home-professional-disinfection-against-covid-19-coronavirus-clothing-protecting-from-chemical-poisoning-industry_199620-1094-219x146.jpg 219w, https:\/\/sissi3sd.fr\/wp-content\/uploads\/2020\/07\/disinfector-protective-suit-conducts-disinfection-home-professional-disinfection-against-covid-19-coronavirus-clothing-protecting-from-chemical-poisoning-industry_199620-1094-50x33.jpg 50w, https:\/\/sissi3sd.fr\/wp-content\/uploads\/2020\/07\/disinfector-protective-suit-conducts-disinfection-home-professional-disinfection-against-covid-19-coronavirus-clothing-protecting-from-chemical-poisoning-industry_199620-1094-113x75.jpg 113w\" sizes=\"(max-width: 626px) 100vw, 626px\" \/>\t\t\t\t\t\t\t\t\t\t\t\t\t\t<\/div>\n\t\t\t\t\t\t<\/div>\n\t\t\t\t<\/div>\n\t\t\t\t\t\t<\/div>\n\t\t\t\t\t<\/div>\n\t\t<\/div>\n\t\t\t\t<div class=\"elementor-column elementor-col-33 elementor-top-column elementor-element elementor-element-ee9335c\" data-id=\"ee9335c\" data-element_type=\"column\">\n\t\t\t<div class=\"elementor-column-wrap elementor-element-populated\">\n\t\t\t\t\t\t\t<div class=\"elementor-widget-wrap\">\n\t\t\t\t\t\t<div class=\"elementor-element elementor-element-bcf2220 elementor-widget elementor-widget-image\" data-id=\"bcf2220\" data-element_type=\"widget\" data-widget_type=\"image.default\">\n\t\t\t\t<div class=\"elementor-widget-container\">\n\t\t\t\t\t\t\t\t<div class=\"elementor-image\">\n\t\t\t\t\t\t\t\t\t\t\t\t<img width=\"626\" height=\"438\" src=\"https:\/\/sissi3sd.fr\/wp-content\/uploads\/2020\/07\/coronavirus-infection-paramedic-protective-mask-costume-disinfecting-elevator-with-sprayer_109285-5701.jpg\" class=\"attachment-large size-large\" alt=\"\" loading=\"lazy\" srcset=\"https:\/\/sissi3sd.fr\/wp-content\/uploads\/2020\/07\/coronavirus-infection-paramedic-protective-mask-costume-disinfecting-elevator-with-sprayer_109285-5701.jpg 626w, https:\/\/sissi3sd.fr\/wp-content\/uploads\/2020\/07\/coronavirus-infection-paramedic-protective-mask-costume-disinfecting-elevator-with-sprayer_109285-5701-300x210.jpg 300w, https:\/\/sissi3sd.fr\/wp-content\/uploads\/2020\/07\/coronavirus-infection-paramedic-protective-mask-costume-disinfecting-elevator-with-sprayer_109285-5701-209x146.jpg 209w, https:\/\/sissi3sd.fr\/wp-content\/uploads\/2020\/07\/coronavirus-infection-paramedic-protective-mask-costume-disinfecting-elevator-with-sprayer_109285-5701-50x35.jpg 50w, https:\/\/sissi3sd.fr\/wp-content\/uploads\/2020\/07\/coronavirus-infection-paramedic-protective-mask-costume-disinfecting-elevator-with-sprayer_109285-5701-107x75.jpg 107w\" sizes=\"(max-width: 626px) 100vw, 626px\" \/>\t\t\t\t\t\t\t\t\t\t\t\t\t\t<\/div>\n\t\t\t\t\t\t<\/div>\n\t\t\t\t<\/div>\n\t\t\t\t\t\t<\/div>\n\t\t\t\t\t<\/div>\n\t\t<\/div>\n\t\t\t\t<div class=\"elementor-column elementor-col-33 elementor-top-column elementor-element elementor-element-549c93f\" data-id=\"549c93f\" data-element_type=\"column\">\n\t\t\t<div class=\"elementor-column-wrap elementor-element-populated\">\n\t\t\t\t\t\t\t<div class=\"elementor-widget-wrap\">\n\t\t\t\t\t\t<div class=\"elementor-element elementor-element-25c7665 elementor-widget elementor-widget-image\" data-id=\"25c7665\" data-element_type=\"widget\" data-widget_type=\"image.default\">\n\t\t\t\t<div class=\"elementor-widget-container\">\n\t\t\t\t\t\t\t\t<div class=\"elementor-image\">\n\t\t\t\t\t\t\t\t\t\t\t\t<img width=\"626\" height=\"417\" src=\"https:\/\/sissi3sd.fr\/wp-content\/uploads\/2020\/07\/cleaning-woman-wiping-doorknob-with-antibacterial-disinfecting-wipe-home-safety-infection-covid-19-virus-contamination-germs-bacteria-good-hygiene_29285-2409.jpg\" class=\"attachment-large size-large\" alt=\"\" loading=\"lazy\" srcset=\"https:\/\/sissi3sd.fr\/wp-content\/uploads\/2020\/07\/cleaning-woman-wiping-doorknob-with-antibacterial-disinfecting-wipe-home-safety-infection-covid-19-virus-contamination-germs-bacteria-good-hygiene_29285-2409.jpg 626w, https:\/\/sissi3sd.fr\/wp-content\/uploads\/2020\/07\/cleaning-woman-wiping-doorknob-with-antibacterial-disinfecting-wipe-home-safety-infection-covid-19-virus-contamination-germs-bacteria-good-hygiene_29285-2409-300x200.jpg 300w, https:\/\/sissi3sd.fr\/wp-content\/uploads\/2020\/07\/cleaning-woman-wiping-doorknob-with-antibacterial-disinfecting-wipe-home-safety-infection-covid-19-virus-contamination-germs-bacteria-good-hygiene_29285-2409-219x146.jpg 219w, https:\/\/sissi3sd.fr\/wp-content\/uploads\/2020\/07\/cleaning-woman-wiping-doorknob-with-antibacterial-disinfecting-wipe-home-safety-infection-covid-19-virus-contamination-germs-bacteria-good-hygiene_29285-2409-50x33.jpg 50w, https:\/\/sissi3sd.fr\/wp-content\/uploads\/2020\/07\/cleaning-woman-wiping-doorknob-with-antibacterial-disinfecting-wipe-home-safety-infection-covid-19-virus-contamination-germs-bacteria-good-hygiene_29285-2409-113x75.jpg 113w\" sizes=\"(max-width: 626px) 100vw, 626px\" \/>\t\t\t\t\t\t\t\t\t\t\t\t\t\t<\/div>\n\t\t\t\t\t\t<\/div>\n\t\t\t\t<\/div>\n\t\t\t\t\t\t<\/div>\n\t\t\t\t\t<\/div>\n\t\t<\/div>\n\t\t\t\t\t\t\t\t<\/div>\n\t\t\t\t\t<\/div>\n\t\t<\/section>\n\t\t\t\t\t\t\t\t\t<\/div>\n\t\t\t<\/div>\n\t\t\t\t\t<\/div>\n\t\t","protected":false},"excerpt":{"rendered":"<p>Pourquoi d\u00e9sinfecter vos locaux du Coronavirus Covid 19 Nous le savons tous, nous sommes en situation de guerre sanitaire aujourd\u2019hui.Le Coronavirus est venu boulverser les modes<span class=\"excerpt-hellip\"> [\u2026]<\/span><\/p>\n","protected":false},"author":1,"featured_media":0,"parent":0,"menu_order":0,"comment_status":"closed","ping_status":"closed","template":"","meta":[],"_links":{"self":[{"href":"https:\/\/sissi3sd.fr\/index.php?rest_route=\/wp\/v2\/pages\/1035"}],"collection":[{"href":"https:\/\/sissi3sd.fr\/index.php?rest_route=\/wp\/v2\/pages"}],"about":[{"href":"https:\/\/sissi3sd.fr\/index.php?rest_route=\/wp\/v2\/types\/page"}],"author":[{"embeddable":true,"href":"https:\/\/sissi3sd.fr\/index.php?rest_route=\/wp\/v2\/users\/1"}],"replies":[{"embeddable":true,"href":"https:\/\/sissi3sd.fr\/index.php?rest_route=%2Fwp%2Fv2%2Fcomments&post=1035"}],"version-history":[{"count":2,"href":"https:\/\/sissi3sd.fr\/index.php?rest_route=\/wp\/v2\/pages\/1035\/revisions"}],"predecessor-version":[{"id":1147,"href":"https:\/\/sissi3sd.fr\/index.php?rest_route=\/wp\/v2\/pages\/1035\/revisions\/1147"}],"wp:attachment":[{"href":"https:\/\/sissi3sd.fr\/index.php?rest_route=%2Fwp%2Fv2%2Fmedia&parent=1035"}],"curies":[{"name":"wp","href":"https:\/\/api.w.org\/{rel}","templated":true}]}}