{"id":584,"date":"2020-06-17T20:40:31","date_gmt":"2020-06-17T20:40:31","guid":{"rendered":"http:\/\/sissi3sd.fr\/?page_id=584"},"modified":"2020-06-17T20:42:56","modified_gmt":"2020-06-17T20:42:56","slug":"paquet-de-lingettes","status":"publish","type":"page","link":"https:\/\/sissi3sd.fr\/?page_id=584","title":{"rendered":"Paquet de lingettes"},"content":{"rendered":"\t\t<div data-elementor-type=\"wp-page\" data-elementor-id=\"584\" class=\"elementor elementor-584\">\n\t\t\t\t\t\t<div class=\"elementor-inner\">\n\t\t\t\t<div class=\"elementor-section-wrap\">\n\t\t\t\t\t\t\t\t\t<section class=\"elementor-section elementor-top-section elementor-element elementor-element-7088b19 elementor-section-boxed elementor-section-height-default elementor-section-height-default\" data-id=\"7088b19\" data-element_type=\"section\">\n\t\t\t\t\t\t<div class=\"elementor-container elementor-column-gap-default\">\n\t\t\t\t\t\t\t<div class=\"elementor-row\">\n\t\t\t\t\t<div class=\"elementor-column elementor-col-100 elementor-top-column elementor-element elementor-element-991de67\" data-id=\"991de67\" data-element_type=\"column\">\n\t\t\t<div class=\"elementor-column-wrap elementor-element-populated\">\n\t\t\t\t\t\t\t<div class=\"elementor-widget-wrap\">\n\t\t\t\t\t\t<div class=\"elementor-element elementor-element-9a14cce elementor-widget elementor-widget-mfn_promo_box\" data-id=\"9a14cce\" data-element_type=\"widget\" data-widget_type=\"mfn_promo_box.default\">\n\t\t\t\t<div class=\"elementor-widget-container\">\n\t\t\t<div class=\"promo_box no_border\"><div class=\"promo_box_wrapper promo_box_left\"><div class=\"photo_wrapper\"><img loading=\"lazy\" class=\"scale-with-grid\" src=\"http:\/\/sissi3sd.fr\/wp-content\/uploads\/2020\/06\/Paquet-de-lingettes-780x622px.jpg\" alt=\"Paquet de lingettes 780x622px\" width=\"622\" height=\"780\"\/><\/div><div class=\"desc_wrapper\"><h2>Paquet de lingettes<\/h2><div class=\"desc\"><p>Lingettes multi-surfaces, impr\u00e9gn\u00e9es d\u2019une solution antibact\u00e9rienne pour la d\u00e9sinfection des mains, des objets et des surfaces. Bact\u00e9ricide et l\u00e9vuricide.<\/p><p>-Paquet distributeur de 100 lingettes<\/p><p>-PH neutre, 0% alcool<\/p><p>-Eliminent 99,9% des bact\u00e9ries<\/p><p>Pratiques et efficaces, les lingettes sont id\u00e9ales pour assurer une hygi\u00e8ne irr\u00e9prochable dans votre \u00e9tablissement. Elles sont adapt\u00e9es pour la d\u00e9sinfection des objets et des petits \u00e9quipements\u00a0: t\u00e9l\u00e9phones, cartables, chaises, bureaux, comptoirs\u2026 Elles sont particuli\u00e8rement utilis\u00e9es dans les collectivit\u00e9s telles que les \u00e9coles, les mairies, ou tout autre espace public. Elles sont hydratantes pour les mains et agr\u00e9ablement parfum\u00e9es<\/p><p>Normes\u00a0: EN1650 et EN1276 (bact\u00e9ricide et l\u00e9vuricide)<\/p><\/div><a href=\"http:\/\/sissi3sd.fr\/?page_id=444\" class=\"button button_theme has-icon\" ><span class=\"button_icon\"><i class=\"icon-layout\" aria-hidden=\"true\"><\/i><\/span><span class=\"button_label\">Commander<\/span><\/a><\/div><\/div><\/div>\n\t\t<\/div>\n\t\t\t\t<\/div>\n\t\t\t\t\t\t<\/div>\n\t\t\t\t\t<\/div>\n\t\t<\/div>\n\t\t\t\t\t\t\t\t<\/div>\n\t\t\t\t\t<\/div>\n\t\t<\/section>\n\t\t\t\t\t\t\t\t\t<\/div>\n\t\t\t<\/div>\n\t\t\t\t\t<\/div>\n\t\t","protected":false},"excerpt":{"rendered":"<p>Paquet de lingettes Lingettes multi-surfaces, impr\u00e9gn\u00e9es d\u2019une solution antibact\u00e9rienne pour la d\u00e9sinfection des mains, des objets et des surfaces. Bact\u00e9ricide et l\u00e9vuricide. -Paquet distributeur de 100<span class=\"excerpt-hellip\"> [\u2026]<\/span><\/p>\n","protected":false},"author":1,"featured_media":0,"parent":0,"menu_order":0,"comment_status":"closed","ping_status":"closed","template":"","meta":[],"_links":{"self":[{"href":"https:\/\/sissi3sd.fr\/index.php?rest_route=\/wp\/v2\/pages\/584"}],"collection":[{"href":"https:\/\/sissi3sd.fr\/index.php?rest_route=\/wp\/v2\/pages"}],"about":[{"href":"https:\/\/sissi3sd.fr\/index.php?rest_route=\/wp\/v2\/types\/page"}],"author":[{"embeddable":true,"href":"https:\/\/sissi3sd.fr\/index.php?rest_route=\/wp\/v2\/users\/1"}],"replies":[{"embeddable":true,"href":"https:\/\/sissi3sd.fr\/index.php?rest_route=%2Fwp%2Fv2%2Fcomments&post=584"}],"version-history":[{"count":3,"href":"https:\/\/sissi3sd.fr\/index.php?rest_route=\/wp\/v2\/pages\/584\/revisions"}],"predecessor-version":[{"id":588,"href":"https:\/\/sissi3sd.fr\/index.php?rest_route=\/wp\/v2\/pages\/584\/revisions\/588"}],"wp:attachment":[{"href":"https:\/\/sissi3sd.fr\/index.php?rest_route=%2Fwp%2Fv2%2Fmedia&parent=584"}],"curies":[{"name":"wp","href":"https:\/\/api.w.org\/{rel}","templated":true}]}}