{"id":621,"date":"2020-06-19T12:39:27","date_gmt":"2020-06-19T12:39:27","guid":{"rendered":"http:\/\/sissi3sd.fr\/?page_id=621"},"modified":"2020-07-09T07:33:03","modified_gmt":"2020-07-09T07:33:03","slug":"protege-chaussure","status":"publish","type":"page","link":"https:\/\/sissi3sd.fr\/?page_id=621","title":{"rendered":"Prot\u00e8ge chaussure"},"content":{"rendered":"\t\t<div data-elementor-type=\"wp-page\" data-elementor-id=\"621\" class=\"elementor elementor-621\">\n\t\t\t\t\t\t<div class=\"elementor-inner\">\n\t\t\t\t<div class=\"elementor-section-wrap\">\n\t\t\t\t\t\t\t\t\t<section class=\"elementor-section elementor-top-section elementor-element elementor-element-2a495a2 elementor-section-boxed elementor-section-height-default elementor-section-height-default\" data-id=\"2a495a2\" data-element_type=\"section\">\n\t\t\t\t\t\t<div class=\"elementor-container elementor-column-gap-default\">\n\t\t\t\t\t\t\t<div class=\"elementor-row\">\n\t\t\t\t\t<div class=\"elementor-column elementor-col-100 elementor-top-column elementor-element elementor-element-278dd1d\" data-id=\"278dd1d\" data-element_type=\"column\">\n\t\t\t<div class=\"elementor-column-wrap elementor-element-populated\">\n\t\t\t\t\t\t\t<div class=\"elementor-widget-wrap\">\n\t\t\t\t\t\t<div class=\"elementor-element elementor-element-182f402 elementor-widget elementor-widget-text-editor\" data-id=\"182f402\" data-element_type=\"widget\" data-widget_type=\"text-editor.default\">\n\t\t\t\t<div class=\"elementor-widget-container\">\n\t\t\t\t\t\t\t\t<div class=\"elementor-text-editor elementor-clearfix\">\n\t\t\t\t<p>Dans le\u00a0<strong>milieu m\u00e9dical<\/strong>, l&rsquo;hygi\u00e8ne est primordiale afin d&rsquo;\u00e9viter toute propagation de virus ou de bact\u00e9rie. SISSI 3SD vous propose ainsi des <strong>surchaussures<\/strong>\u00a0\u00e0 usage unique id\u00e9ales pour les visiteurs.<\/p>\t\t\t\t\t<\/div>\n\t\t\t\t\t\t<\/div>\n\t\t\t\t<\/div>\n\t\t\t\t\t\t<\/div>\n\t\t\t\t\t<\/div>\n\t\t<\/div>\n\t\t\t\t\t\t\t\t<\/div>\n\t\t\t\t\t<\/div>\n\t\t<\/section>\n\t\t\t\t<section class=\"elementor-section elementor-top-section elementor-element elementor-element-73a5f22 elementor-section-boxed elementor-section-height-default elementor-section-height-default\" data-id=\"73a5f22\" data-element_type=\"section\">\n\t\t\t\t\t\t<div class=\"elementor-container elementor-column-gap-default\">\n\t\t\t\t\t\t\t<div class=\"elementor-row\">\n\t\t\t\t\t<div class=\"elementor-column elementor-col-33 elementor-top-column elementor-element elementor-element-bb4df50\" data-id=\"bb4df50\" data-element_type=\"column\">\n\t\t\t<div class=\"elementor-column-wrap elementor-element-populated\">\n\t\t\t\t\t\t\t<div class=\"elementor-widget-wrap\">\n\t\t\t\t\t\t<div class=\"elementor-element elementor-element-45a78d4 elementor-widget elementor-widget-image\" data-id=\"45a78d4\" data-element_type=\"widget\" data-widget_type=\"image.default\">\n\t\t\t\t<div class=\"elementor-widget-container\">\n\t\t\t\t\t\t\t\t<div class=\"elementor-image\">\n\t\t\t\t\t\t\t\t\t\t\t\t<img width=\"626\" height=\"416\" src=\"https:\/\/sissi3sd.fr\/wp-content\/uploads\/2020\/07\/plastic-bag-shoe-protect-against-coronavirus_173951-57.jpg\" class=\"attachment-large size-large\" alt=\"\" loading=\"lazy\" srcset=\"https:\/\/sissi3sd.fr\/wp-content\/uploads\/2020\/07\/plastic-bag-shoe-protect-against-coronavirus_173951-57.jpg 626w, https:\/\/sissi3sd.fr\/wp-content\/uploads\/2020\/07\/plastic-bag-shoe-protect-against-coronavirus_173951-57-300x199.jpg 300w, https:\/\/sissi3sd.fr\/wp-content\/uploads\/2020\/07\/plastic-bag-shoe-protect-against-coronavirus_173951-57-220x146.jpg 220w, https:\/\/sissi3sd.fr\/wp-content\/uploads\/2020\/07\/plastic-bag-shoe-protect-against-coronavirus_173951-57-50x33.jpg 50w, https:\/\/sissi3sd.fr\/wp-content\/uploads\/2020\/07\/plastic-bag-shoe-protect-against-coronavirus_173951-57-113x75.jpg 113w\" sizes=\"(max-width: 626px) 100vw, 626px\" \/>\t\t\t\t\t\t\t\t\t\t\t\t\t\t<\/div>\n\t\t\t\t\t\t<\/div>\n\t\t\t\t<\/div>\n\t\t\t\t\t\t<\/div>\n\t\t\t\t\t<\/div>\n\t\t<\/div>\n\t\t\t\t<div class=\"elementor-column elementor-col-33 elementor-top-column elementor-element elementor-element-d64c123\" data-id=\"d64c123\" data-element_type=\"column\">\n\t\t\t<div class=\"elementor-column-wrap elementor-element-populated\">\n\t\t\t\t\t\t\t<div class=\"elementor-widget-wrap\">\n\t\t\t\t\t\t<div class=\"elementor-element elementor-element-b6df4bc elementor-widget elementor-widget-image\" data-id=\"b6df4bc\" data-element_type=\"widget\" data-widget_type=\"image.default\">\n\t\t\t\t<div class=\"elementor-widget-container\">\n\t\t\t\t\t\t\t\t<div class=\"elementor-image\">\n\t\t\t\t\t\t\t\t\t\t\t\t<img width=\"626\" height=\"416\" src=\"https:\/\/sissi3sd.fr\/wp-content\/uploads\/2020\/07\/plastic-bag-shoe-protect-against-coronavirus_173951-56.jpg\" class=\"attachment-large size-large\" alt=\"\" loading=\"lazy\" srcset=\"https:\/\/sissi3sd.fr\/wp-content\/uploads\/2020\/07\/plastic-bag-shoe-protect-against-coronavirus_173951-56.jpg 626w, https:\/\/sissi3sd.fr\/wp-content\/uploads\/2020\/07\/plastic-bag-shoe-protect-against-coronavirus_173951-56-300x199.jpg 300w, https:\/\/sissi3sd.fr\/wp-content\/uploads\/2020\/07\/plastic-bag-shoe-protect-against-coronavirus_173951-56-220x146.jpg 220w, https:\/\/sissi3sd.fr\/wp-content\/uploads\/2020\/07\/plastic-bag-shoe-protect-against-coronavirus_173951-56-50x33.jpg 50w, https:\/\/sissi3sd.fr\/wp-content\/uploads\/2020\/07\/plastic-bag-shoe-protect-against-coronavirus_173951-56-113x75.jpg 113w\" sizes=\"(max-width: 626px) 100vw, 626px\" \/>\t\t\t\t\t\t\t\t\t\t\t\t\t\t<\/div>\n\t\t\t\t\t\t<\/div>\n\t\t\t\t<\/div>\n\t\t\t\t\t\t<\/div>\n\t\t\t\t\t<\/div>\n\t\t<\/div>\n\t\t\t\t<div class=\"elementor-column elementor-col-33 elementor-top-column elementor-element elementor-element-35407cb\" data-id=\"35407cb\" data-element_type=\"column\">\n\t\t\t<div class=\"elementor-column-wrap elementor-element-populated\">\n\t\t\t\t\t\t\t<div class=\"elementor-widget-wrap\">\n\t\t\t\t\t\t<div class=\"elementor-element elementor-element-cab8c83 elementor-widget elementor-widget-image\" data-id=\"cab8c83\" data-element_type=\"widget\" data-widget_type=\"image.default\">\n\t\t\t\t<div class=\"elementor-widget-container\">\n\t\t\t\t\t\t\t\t<div class=\"elementor-image\">\n\t\t\t\t\t\t\t\t\t\t\t\t<img width=\"626\" height=\"416\" src=\"https:\/\/sissi3sd.fr\/wp-content\/uploads\/2020\/07\/plastic-bag-shoe-protect-against-coronavirus_173951-55.jpg\" class=\"attachment-large size-large\" alt=\"\" loading=\"lazy\" srcset=\"https:\/\/sissi3sd.fr\/wp-content\/uploads\/2020\/07\/plastic-bag-shoe-protect-against-coronavirus_173951-55.jpg 626w, https:\/\/sissi3sd.fr\/wp-content\/uploads\/2020\/07\/plastic-bag-shoe-protect-against-coronavirus_173951-55-300x199.jpg 300w, https:\/\/sissi3sd.fr\/wp-content\/uploads\/2020\/07\/plastic-bag-shoe-protect-against-coronavirus_173951-55-220x146.jpg 220w, https:\/\/sissi3sd.fr\/wp-content\/uploads\/2020\/07\/plastic-bag-shoe-protect-against-coronavirus_173951-55-50x33.jpg 50w, https:\/\/sissi3sd.fr\/wp-content\/uploads\/2020\/07\/plastic-bag-shoe-protect-against-coronavirus_173951-55-113x75.jpg 113w\" sizes=\"(max-width: 626px) 100vw, 626px\" \/>\t\t\t\t\t\t\t\t\t\t\t\t\t\t<\/div>\n\t\t\t\t\t\t<\/div>\n\t\t\t\t<\/div>\n\t\t\t\t\t\t<\/div>\n\t\t\t\t\t<\/div>\n\t\t<\/div>\n\t\t\t\t\t\t\t\t<\/div>\n\t\t\t\t\t<\/div>\n\t\t<\/section>\n\t\t\t\t\t\t\t\t\t<\/div>\n\t\t\t<\/div>\n\t\t\t\t\t<\/div>\n\t\t","protected":false},"excerpt":{"rendered":"<p>Dans le\u00a0milieu m\u00e9dical, l&rsquo;hygi\u00e8ne est primordiale afin d&rsquo;\u00e9viter toute propagation de virus ou de bact\u00e9rie. SISSI 3SD vous propose ainsi des surchaussures\u00a0\u00e0 usage unique id\u00e9ales pour<span class=\"excerpt-hellip\"> [\u2026]<\/span><\/p>\n","protected":false},"author":1,"featured_media":0,"parent":0,"menu_order":0,"comment_status":"closed","ping_status":"closed","template":"","meta":[],"_links":{"self":[{"href":"https:\/\/sissi3sd.fr\/index.php?rest_route=\/wp\/v2\/pages\/621"}],"collection":[{"href":"https:\/\/sissi3sd.fr\/index.php?rest_route=\/wp\/v2\/pages"}],"about":[{"href":"https:\/\/sissi3sd.fr\/index.php?rest_route=\/wp\/v2\/types\/page"}],"author":[{"embeddable":true,"href":"https:\/\/sissi3sd.fr\/index.php?rest_route=\/wp\/v2\/users\/1"}],"replies":[{"embeddable":true,"href":"https:\/\/sissi3sd.fr\/index.php?rest_route=%2Fwp%2Fv2%2Fcomments&post=621"}],"version-history":[{"count":3,"href":"https:\/\/sissi3sd.fr\/index.php?rest_route=\/wp\/v2\/pages\/621\/revisions"}],"predecessor-version":[{"id":1141,"href":"https:\/\/sissi3sd.fr\/index.php?rest_route=\/wp\/v2\/pages\/621\/revisions\/1141"}],"wp:attachment":[{"href":"https:\/\/sissi3sd.fr\/index.php?rest_route=%2Fwp%2Fv2%2Fmedia&parent=621"}],"curies":[{"name":"wp","href":"https:\/\/api.w.org\/{rel}","templated":true}]}}