{"id":725,"date":"2020-06-28T08:42:18","date_gmt":"2020-06-28T08:42:18","guid":{"rendered":"https:\/\/sissi3sd.fr\/?page_id=725"},"modified":"2020-07-01T07:26:51","modified_gmt":"2020-07-01T07:26:51","slug":"qui-sommes-nous","status":"publish","type":"page","link":"https:\/\/sissi3sd.fr\/?page_id=725","title":{"rendered":"Qui sommes nous ?"},"content":{"rendered":"\t\t<div data-elementor-type=\"wp-page\" data-elementor-id=\"725\" class=\"elementor elementor-725\">\n\t\t\t\t\t\t<div class=\"elementor-inner\">\n\t\t\t\t<div class=\"elementor-section-wrap\">\n\t\t\t\t\t\t\t\t\t<section class=\"elementor-section elementor-top-section elementor-element elementor-element-0e93288 elementor-section-boxed elementor-section-height-default elementor-section-height-default\" data-id=\"0e93288\" data-element_type=\"section\">\n\t\t\t\t\t\t<div class=\"elementor-container elementor-column-gap-default\">\n\t\t\t\t\t\t\t<div class=\"elementor-row\">\n\t\t\t\t\t<div class=\"elementor-column elementor-col-100 elementor-top-column elementor-element elementor-element-c4fce66\" data-id=\"c4fce66\" data-element_type=\"column\">\n\t\t\t<div class=\"elementor-column-wrap elementor-element-populated\">\n\t\t\t\t\t\t\t<div class=\"elementor-widget-wrap\">\n\t\t\t\t\t\t<div class=\"elementor-element elementor-element-b1ccbcf elementor-widget elementor-widget-text-editor\" data-id=\"b1ccbcf\" data-element_type=\"widget\" data-widget_type=\"text-editor.default\">\n\t\t\t\t<div class=\"elementor-widget-container\">\n\t\t\t\t\t\t\t\t<div class=\"elementor-text-editor elementor-clearfix\">\n\t\t\t\t<p>Sissi et CIE est une soci\u00e9t\u00e9 familiale sp\u00e9cialis\u00e9 dans la vente de v\u00eatements et produits d&rsquo;hygi\u00e8nes au sein des EHPAD depuis les ann\u00e9es 2000 via les mandataires judiciaires.<br \/>Depuis la crise sanitaire nous avons d\u00e9velopp\u00e9 SISSI3SD filiale de SISSI ET CIE, afin de vous proposer les meilleurs produits \u00e0 des prix tr\u00e8s attractifs car notre seule exigence et de r\u00e9pondre aux attentes et contraintes de nos clients.<\/p><p>Nous proposons \u00e9galement nos services en hygi\u00e8nes 3D (d\u00e9ratisation, d\u00e9sinsectisation, d\u00e9sinfection) aux particuliers ou professionnels (restaurants, tous commerces alimentaires, EHPAD, h\u00f4tels\u2026) Pour venir \u00e0 bout de vos probl\u00e8mes de nuisibles, tous nos techniciens sont titulaires d\u2019une formation agr\u00e9e CERTIBIOCIDE (certificat \u00e0 l&rsquo;utilisation professionnel et la distribution de certains types de produits biocides destin\u00e9s exclusivement aux professionnels) d\u00e9livr\u00e9 par le Minist\u00e8re de l\u2019environnement.<\/p>\t\t\t\t\t<\/div>\n\t\t\t\t\t\t<\/div>\n\t\t\t\t<\/div>\n\t\t\t\t\t\t<\/div>\n\t\t\t\t\t<\/div>\n\t\t<\/div>\n\t\t\t\t\t\t\t\t<\/div>\n\t\t\t\t\t<\/div>\n\t\t<\/section>\n\t\t\t\t<section class=\"elementor-section elementor-top-section elementor-element elementor-element-d8410de elementor-section-boxed elementor-section-height-default elementor-section-height-default\" data-id=\"d8410de\" data-element_type=\"section\">\n\t\t\t\t\t\t<div class=\"elementor-container elementor-column-gap-default\">\n\t\t\t\t\t\t\t<div class=\"elementor-row\">\n\t\t\t\t\t<div class=\"elementor-column elementor-col-100 elementor-top-column elementor-element elementor-element-aa9d5ab\" data-id=\"aa9d5ab\" data-element_type=\"column\">\n\t\t\t<div class=\"elementor-column-wrap elementor-element-populated\">\n\t\t\t\t\t\t\t<div class=\"elementor-widget-wrap\">\n\t\t\t\t\t\t<div class=\"elementor-element elementor-element-fa3cc11 elementor-widget elementor-widget-image\" data-id=\"fa3cc11\" data-element_type=\"widget\" data-widget_type=\"image.default\">\n\t\t\t\t<div class=\"elementor-widget-container\">\n\t\t\t\t\t\t\t\t<div class=\"elementor-image\">\n\t\t\t\t\t\t\t\t\t\t\t\t<img width=\"590\" height=\"750\" src=\"https:\/\/sissi3sd.fr\/wp-content\/uploads\/2020\/06\/Qui-Sommes-Nous.jpg\" class=\"attachment-large size-large\" alt=\"\" loading=\"lazy\" srcset=\"https:\/\/sissi3sd.fr\/wp-content\/uploads\/2020\/06\/Qui-Sommes-Nous.jpg 590w, https:\/\/sissi3sd.fr\/wp-content\/uploads\/2020\/06\/Qui-Sommes-Nous-236x300.jpg 236w, https:\/\/sissi3sd.fr\/wp-content\/uploads\/2020\/06\/Qui-Sommes-Nous-115x146.jpg 115w, https:\/\/sissi3sd.fr\/wp-content\/uploads\/2020\/06\/Qui-Sommes-Nous-39x50.jpg 39w, https:\/\/sissi3sd.fr\/wp-content\/uploads\/2020\/06\/Qui-Sommes-Nous-59x75.jpg 59w\" sizes=\"(max-width: 590px) 100vw, 590px\" \/>\t\t\t\t\t\t\t\t\t\t\t\t\t\t<\/div>\n\t\t\t\t\t\t<\/div>\n\t\t\t\t<\/div>\n\t\t\t\t\t\t<\/div>\n\t\t\t\t\t<\/div>\n\t\t<\/div>\n\t\t\t\t\t\t\t\t<\/div>\n\t\t\t\t\t<\/div>\n\t\t<\/section>\n\t\t\t\t\t\t\t\t\t<\/div>\n\t\t\t<\/div>\n\t\t\t\t\t<\/div>\n\t\t","protected":false},"excerpt":{"rendered":"<p>Sissi et CIE est une soci\u00e9t\u00e9 familiale sp\u00e9cialis\u00e9 dans la vente de v\u00eatements et produits d&rsquo;hygi\u00e8nes au sein des EHPAD depuis les ann\u00e9es 2000 via les<span class=\"excerpt-hellip\"> [\u2026]<\/span><\/p>\n","protected":false},"author":1,"featured_media":0,"parent":0,"menu_order":0,"comment_status":"closed","ping_status":"closed","template":"","meta":[],"_links":{"self":[{"href":"https:\/\/sissi3sd.fr\/index.php?rest_route=\/wp\/v2\/pages\/725"}],"collection":[{"href":"https:\/\/sissi3sd.fr\/index.php?rest_route=\/wp\/v2\/pages"}],"about":[{"href":"https:\/\/sissi3sd.fr\/index.php?rest_route=\/wp\/v2\/types\/page"}],"author":[{"embeddable":true,"href":"https:\/\/sissi3sd.fr\/index.php?rest_route=\/wp\/v2\/users\/1"}],"replies":[{"embeddable":true,"href":"https:\/\/sissi3sd.fr\/index.php?rest_route=%2Fwp%2Fv2%2Fcomments&post=725"}],"version-history":[{"count":7,"href":"https:\/\/sissi3sd.fr\/index.php?rest_route=\/wp\/v2\/pages\/725\/revisions"}],"predecessor-version":[{"id":1056,"href":"https:\/\/sissi3sd.fr\/index.php?rest_route=\/wp\/v2\/pages\/725\/revisions\/1056"}],"wp:attachment":[{"href":"https:\/\/sissi3sd.fr\/index.php?rest_route=%2Fwp%2Fv2%2Fmedia&parent=725"}],"curies":[{"name":"wp","href":"https:\/\/api.w.org\/{rel}","templated":true}]}}